{"id":10546,"date":"2025-04-17T12:47:43","date_gmt":"2025-04-17T12:47:43","guid":{"rendered":"https:\/\/www.nordicclimategroup.se\/dotterbolag-2\/?page_id=10546"},"modified":"2025-05-02T11:38:29","modified_gmt":"2025-05-02T11:38:29","slug":"intergritetspolicy","status":"publish","type":"page","link":"https:\/\/www.nordicclimategroup.se\/kylmastarnadev\/intergritetspolicy\/","title":{"rendered":"Nordic Climate Groups Integritetspolicy"},"content":{"rendered":"\t\t<div data-elementor-type=\"wp-page\" data-elementor-id=\"10546\" class=\"elementor elementor-10546\" data-elementor-post-type=\"page\">\n\t\t\t\t<section class=\"elementor-element elementor-element-e52cf50 e-flex e-con-boxed e-con e-child\" data-id=\"e52cf50\" data-element_type=\"container\" data-settings=\"{&quot;background_background&quot;:&quot;classic&quot;}\">\n\t\t\t\t\t<div class=\"e-con-inner\">\n\t\t<div class=\"elementor-element elementor-element-5083fdc e-con-full e-flex e-con e-child\" data-id=\"5083fdc\" data-element_type=\"container\">\n\t\t\t\t<div class=\"elementor-element elementor-element-071b576 elementor-widget__width-initial elementor-widget elementor-widget-heading\" data-id=\"071b576\" data-element_type=\"widget\" data-widget_type=\"heading.default\">\n\t\t\t\t<div class=\"elementor-widget-container\">\n\t\t\t\t\t<h1 class=\"elementor-heading-title elementor-size-default\">Nordic Climate Groups Integritetspolicy<\/h1>\t\t\t\t<\/div>\n\t\t\t\t<\/div>\n\t\t\t\t<\/div>\n\t\t\t\t\t<\/div>\n\t\t\t\t<\/section>\n\t\t<div class=\"elementor-element elementor-element-e5a26f0 e-flex e-con-boxed e-con e-parent\" data-id=\"e5a26f0\" data-element_type=\"container\">\n\t\t\t\t\t<div class=\"e-con-inner\">\n\t\t\t\t<div class=\"elementor-element elementor-element-892de75 elementor-widget elementor-widget-global elementor-global-10455 elementor-widget-breadcrumbs\" data-id=\"892de75\" data-element_type=\"widget\" data-widget_type=\"breadcrumbs.default\">\n\t\t\t\t<div class=\"elementor-widget-container\">\n\t\t\t\t\t<p id=\"breadcrumbs\"><\/p>\t\t\t\t<\/div>\n\t\t\t\t<\/div>\n\t\t\t\t\t<\/div>\n\t\t\t\t<\/div>\n\t\t<section class=\"elementor-element elementor-element-64575580 e-flex e-con-boxed e-con e-parent\" data-id=\"64575580\" data-element_type=\"container\">\n\t\t\t\t\t<div class=\"e-con-inner\">\n\t\t<div class=\"elementor-element elementor-element-d7bf7b8 e-con-full e-flex e-con e-child\" data-id=\"d7bf7b8\" data-element_type=\"container\">\n\t\t\t\t<div class=\"elementor-element elementor-element-3cb7ed2 elementor-widget elementor-widget-text-editor\" data-id=\"3cb7ed2\" data-element_type=\"widget\" data-widget_type=\"text-editor.default\">\n\t\t\t\t<div class=\"elementor-widget-container\">\n\t\t\t\t\t\t\t\t\t<p>Vi i Nordic Climate Group AB tar seri\u00f6st p\u00e5 den personliga integriteten f\u00f6r v\u00e5ra kunder och anv\u00e4ndare av v\u00e5ra tj\u00e4nster. Vi tar ansvar f\u00f6r att personuppgifter som behandlas av oss enbart anv\u00e4nds f\u00f6r avsedda \u00e4ndam\u00e5l och skyddas mot obeh\u00f6rig \u00e5tkomst. F\u00f6r att vi ska kunna leverera, utveckla, analysera och f\u00f6rb\u00e4ttra v\u00e5ra tj\u00e4nster kr\u00e4ver det att vi behandlar personuppgifter.<\/p>\n<p>\u00a0<\/p>\n<p>\u00a0<\/p>\n<p><strong>Personuppgifter<\/strong><\/p>\n<p>Personuppgifter\u00a0\u00e4r alla uppgifter som avser en identifierad eller identifierbar fysisk person och som direkt eller indirekt kan identifiera en person. Exempel p\u00e5 personuppgifter \u00e4r namn, kontaktuppgifter, lokaliseringsuppgifter eller faktorer som \u00e4r specifika f\u00f6r en persons fysiska, ekonomiska, kulturella eller sociala identitet. Uppgifter som enskilt inte n\u00e5r upp till kraven kan tillsammans \u00e4nd\u00e5 utg\u00f6ra personuppgifter.\u00a0<\/p>\n<p>All behandling av personuppgifter omfattas av dataskyddsf\u00f6rordningen och dess regler. Med behandling\u00a0menas en \u00e5tg\u00e4rd eller kombination av \u00e5tg\u00e4rder avseende personuppgifter, som utf\u00f6rs helt eller delvis automatiserat. \u00c4ven personuppgifter i e-post och i dokument p\u00e5 servrar, i en enkel lista, p\u00e5 webbplatser och i annat ostrukturerat material omfattas.\u00a0<\/p>\t\t\t\t\t\t\t\t<\/div>\n\t\t\t\t<\/div>\n\t\t\t\t<div class=\"elementor-element elementor-element-1e39e9f elementor-widget elementor-widget-text-editor\" data-id=\"1e39e9f\" data-element_type=\"widget\" data-widget_type=\"text-editor.default\">\n\t\t\t\t<div class=\"elementor-widget-container\">\n\t\t\t\t\t\t\t\t\t<h5><strong>Det h\u00e4r anv\u00e4nder vi personuppgifter till<\/strong><\/h5><p>F\u00f6r att vi p\u00e5 Nordic Climate Group eller eventuella underbitr\u00e4den ska kunna tillhandah\u00e5lla v\u00e5ra tj\u00e4nster till dig beh\u00f6ver vi behandla personuppgifter. Vi behandlar personuppgifter till bland annat:<\/p><ul><li>Tillhandah\u00e5lla de produkter och tj\u00e4nster vi levererar och administrera v\u00e5ra avtal med v\u00e5ra kunder.<\/li><li>F\u00f6r att installera, konfigurera, underh\u00e5lla, s\u00e4kra, utveckla, analysera och leverera v\u00e5ra tj\u00e4nster<\/li><li>G\u00f6ra utskick i form av nyhetsbrev och skicka relevant information till r\u00e4tt person g\u00e4llande v\u00e5ra tj\u00e4nster<\/li><li>Dokumentations\u00e4ndam\u00e5l<\/li><li>Redovisnings- och bokf\u00f6rings\u00e4ndam\u00e5l<\/li><li>Ta emot rekryteringsans\u00f6kningar<\/li><\/ul><div>\u00a0<\/div><div><h5><strong>Laglig grund f\u00f6r behandlingen av personuppgifter <\/strong><\/h5><p>En behandling av personuppgifter \u00e4r endast laglig om och i den m\u00e5n n\u00e5gon av f\u00f6ljande grunder \u00e4r till\u00e4mplig.\u00a0<\/p><ul><li>Den registrerade har l\u00e4mnat sitt samtycke till att personuppgifterna behandlas f\u00f6r ett eller flera specifika \u00e4ndam\u00e5l.<\/li><li>Behandlingen \u00e4r n\u00f6dv\u00e4ndig f\u00f6r att fullg\u00f6ra ett avtal i vilket den registrerade \u00e4r part eller f\u00f6r att vidta \u00e5tg\u00e4rder p\u00e5 beg\u00e4ran av den registrerade innan ett s\u00e5dant avtal ing\u00e5s.<\/li><li>Behandlingen \u00e4r n\u00f6dv\u00e4ndig f\u00f6r att fullg\u00f6ra en r\u00e4ttslig f\u00f6rpliktelse som \u00e5vilar Nordic Climate Group AB.<\/li><li>Behandlingen \u00e4r n\u00f6dv\u00e4ndig f\u00f6r att skydda intressen som \u00e4r av grundl\u00e4ggande betydelse f\u00f6r den registrerade eller f\u00f6r en annan fysisk person.<\/li><li>Behandlingen \u00e4r n\u00f6dv\u00e4ndig f\u00f6r \u00e4ndam\u00e5l som r\u00f6r Nordic Climate Group ABs intressen, om inte den registrerades intressen eller grundl\u00e4ggande r\u00e4ttigheter och friheter v\u00e4ger tyngre och kr\u00e4ver skydd av personuppgifter (intresseavv\u00e4gning). Vid intresseavv\u00e4gning tillkommer s\u00e4rskilda krav p\u00e5 dokumentation avseende den bed\u00f6mning som gjorts.<\/li><\/ul><div>\u00a0<\/div><h5><strong>Tredje part<\/strong><\/h5><p>Vi l\u00e4mnar inte ut era personuppgifter till tredje part. D\u00e4remot behandlas personuppgifter, om n\u00f6dv\u00e4ndigt, med v\u00e5ra tj\u00e4nsteleverant\u00f6rer i samband med olika uppdrag. I dessa fall blir den ber\u00f6rda individen informerad.<\/p><p>\u00a0<\/p><h5><strong>Gallringsrutiner<\/strong><\/h5><p>Vi behandlar inte personuppgifter l\u00e4ngre \u00e4n vad som \u00e4r n\u00f6dv\u00e4ndigt med h\u00e4nsyn till \u00e4ndam\u00e5let med behandlingen.<\/p><p>\u00a0<\/p><h5><strong>Du best\u00e4mmer<\/strong><\/h5><p>Du best\u00e4mmer \u00f6ver dina egna personuppgifter. Det vill s\u00e4ga du avg\u00f6r vilka uppgifter du vill l\u00e4mna. Observera dock att vi beh\u00f6ver vissa personuppgifter f\u00f6r att kunna tillhandah\u00e5lla v\u00e5ra tj\u00e4nster till dig.<\/p><p>Du har \u00e4ven r\u00e4tt att beg\u00e4ra ut information om vilka personuppgifter vi behandlar om dig.<\/p><p>\u00a0<\/p><h5><strong>Fr\u00e5gor<\/strong><\/h5><p>Personuppgiftsansvarig \u00e4r Nordic Climate Group AB. Kontakta oss p\u00e5 <span class=\"email-link\"><a title=\"info@nordicclimategroup.se\" href=\"mailto:info@nordicclimategroup.se\">info@nordicclimategroup.se<\/a><\/span> om du har n\u00e5gra fr\u00e5gor r\u00f6rande v\u00e5r personuppgiftsbehandling.<\/p><\/div>\t\t\t\t\t\t\t\t<\/div>\n\t\t\t\t<\/div>\n\t\t\t\t<\/div>\n\t\t\t\t\t<\/div>\n\t\t\t\t<\/section>\n\t\t<div class=\"elementor-element elementor-element-741de06 e-flex e-con-boxed e-con e-parent\" data-id=\"741de06\" data-element_type=\"container\">\n\t\t\t\t\t<div class=\"e-con-inner\">\n\t\t\t\t<div class=\"elementor-element elementor-element-1a98ea9 elementor-widget-divider--view-line elementor-invisible elementor-widget elementor-widget-global elementor-global-8042 elementor-widget-divider\" data-id=\"1a98ea9\" data-element_type=\"widget\" data-settings=\"{&quot;_animation&quot;:&quot;zoomInRight&quot;}\" data-widget_type=\"divider.default\">\n\t\t\t\t<div class=\"elementor-widget-container\">\n\t\t\t\t\t\t\t<div class=\"elementor-divider\">\n\t\t\t<span class=\"elementor-divider-separator\">\n\t\t\t\t\t\t<\/span>\n\t\t<\/div>\n\t\t\t\t\t\t<\/div>\n\t\t\t\t<\/div>\n\t\t\t\t\t<\/div>\n\t\t\t\t<\/div>\n\t\t<section class=\"elementor-element elementor-element-a0ef377 e-flex e-con-boxed e-con e-parent\" data-id=\"a0ef377\" data-element_type=\"container\">\n\t\t\t\t\t<div class=\"e-con-inner\">\n\t\t\t\t<div class=\"elementor-element elementor-element-c27dcee elementor-widget elementor-widget-heading\" data-id=\"c27dcee\" data-element_type=\"widget\" data-widget_type=\"heading.default\">\n\t\t\t\t<div class=\"elementor-widget-container\">\n\t\t\t\t\t<h2 class=\"elementor-heading-title elementor-size-default\">Du kanske \u00e4r intresserad av<\/h2>\t\t\t\t<\/div>\n\t\t\t\t<\/div>\n\t\t<div class=\"elementor-element elementor-element-789cfc3 e-con-full e-grid boxar e-con e-child\" data-id=\"789cfc3\" data-element_type=\"container\">\n\t\t<a class=\"elementor-element elementor-element-bdade80 e-con-full e-flex e-con e-child\" data-id=\"bdade80\" data-element_type=\"container\">\n\t\t\t\t<div class=\"elementor-element elementor-element-1b579bb elementor-widget__width-inherit elementor-widget elementor-widget-image\" data-id=\"1b579bb\" data-element_type=\"widget\" data-widget_type=\"image.default\">\n\t\t\t\t<div class=\"elementor-widget-container\">\n\t\t\t\t\t\t\t\t\t\t\t\t\t\t\t<img fetchpriority=\"high\" decoding=\"async\" width=\"2293\" height=\"1530\" src=\"https:\/\/www.nordicclimategroup.se\/kylmastarnadev\/wp-content\/uploads\/sites\/33\/2025\/04\/NCG_HALLBARHET_7.jpg\" class=\"attachment-full size-full wp-image-7655\" alt=\"Skog och en landsv\u00e4g uppifr\u00e5n\" srcset=\"https:\/\/www.nordicclimategroup.se\/kylmastarnadev\/wp-content\/uploads\/sites\/33\/2025\/04\/NCG_HALLBARHET_7.jpg 2293w, https:\/\/www.nordicclimategroup.se\/kylmastarnadev\/wp-content\/uploads\/sites\/33\/2025\/04\/NCG_HALLBARHET_7-300x200.jpg 300w, https:\/\/www.nordicclimategroup.se\/kylmastarnadev\/wp-content\/uploads\/sites\/33\/2025\/04\/NCG_HALLBARHET_7-1024x683.jpg 1024w, https:\/\/www.nordicclimategroup.se\/kylmastarnadev\/wp-content\/uploads\/sites\/33\/2025\/04\/NCG_HALLBARHET_7-768x512.jpg 768w, https:\/\/www.nordicclimategroup.se\/kylmastarnadev\/wp-content\/uploads\/sites\/33\/2025\/04\/NCG_HALLBARHET_7-1536x1025.jpg 1536w, https:\/\/www.nordicclimategroup.se\/kylmastarnadev\/wp-content\/uploads\/sites\/33\/2025\/04\/NCG_HALLBARHET_7-2048x1367.jpg 2048w\" sizes=\"(max-width: 2293px) 100vw, 2293px\" \/>\t\t\t\t\t\t\t\t\t\t\t\t\t\t\t<\/div>\n\t\t\t\t<\/div>\n\t\t<div class=\"elementor-element elementor-element-0fac8b5 e-con-full e-flex e-con e-child\" data-id=\"0fac8b5\" data-element_type=\"container\">\n\t\t\t\t<div class=\"elementor-element elementor-element-bc5c295 elementor-widget__width-inherit elementor-widget elementor-widget-heading\" data-id=\"bc5c295\" data-element_type=\"widget\" data-widget_type=\"heading.default\">\n\t\t\t\t<div class=\"elementor-widget-container\">\n\t\t\t\t\t<h3 class=\"elementor-heading-title elementor-size-default\">V\u00e5rt h\u00e5llbarhetsarbete<\/h3>\t\t\t\t<\/div>\n\t\t\t\t<\/div>\n\t\t\t\t<div class=\"elementor-element elementor-element-70a0938 elementor-widget__width-inherit elementor-widget elementor-widget-text-editor\" data-id=\"70a0938\" data-element_type=\"widget\" data-widget_type=\"text-editor.default\">\n\t\t\t\t<div class=\"elementor-widget-container\">\n\t\t\t\t\t\t\t\t\tKunskap f\u00f6r omst\u00e4llning \u2013 f\u00f6r ett b\u00e4ttre klimat\t\t\t\t\t\t\t\t<\/div>\n\t\t\t\t<\/div>\n\t\t\t\t<\/div>\n\t\t\t\t<\/a>\n\t\t<a class=\"elementor-element elementor-element-d2eb783 e-con-full e-flex e-con e-child\" data-id=\"d2eb783\" data-element_type=\"container\">\n\t\t\t\t<div class=\"elementor-element elementor-element-64a8738 elementor-widget__width-inherit elementor-widget elementor-widget-image\" data-id=\"64a8738\" data-element_type=\"widget\" data-widget_type=\"image.default\">\n\t\t\t\t<div class=\"elementor-widget-container\">\n\t\t\t\t\t\t\t\t\t\t\t\t\t\t\t<img decoding=\"async\" src=\"https:\/\/www.nordicclimategroup.se\/dotterbolag-2\/wp-content\/uploads\/2025\/04\/NCG_HALLBARHET_6.jpg\" title=\"\" alt=\"En man och en kvinna som jobbar inom kyltj\u00e4nst\" loading=\"lazy\" \/>\t\t\t\t\t\t\t\t\t\t\t\t\t\t\t<\/div>\n\t\t\t\t<\/div>\n\t\t<div class=\"elementor-element elementor-element-30ae110 e-con-full e-flex e-con e-child\" data-id=\"30ae110\" data-element_type=\"container\">\n\t\t\t\t<div class=\"elementor-element elementor-element-b04721c elementor-widget__width-inherit elementor-widget elementor-widget-heading\" data-id=\"b04721c\" data-element_type=\"widget\" data-widget_type=\"heading.default\">\n\t\t\t\t<div class=\"elementor-widget-container\">\n\t\t\t\t\t<h3 class=\"elementor-heading-title elementor-size-default\">Naturliga k\u00f6ldmedier<\/h3>\t\t\t\t<\/div>\n\t\t\t\t<\/div>\n\t\t\t\t<div class=\"elementor-element elementor-element-0d335b1 elementor-widget__width-inherit elementor-widget elementor-widget-text-editor\" data-id=\"0d335b1\" data-element_type=\"widget\" data-widget_type=\"text-editor.default\">\n\t\t\t\t<div class=\"elementor-widget-container\">\n\t\t\t\t\t\t\t\t\tNaturliga k\u00f6ldmedier \u2013 ers\u00e4tter F-gaser\t\t\t\t\t\t\t\t<\/div>\n\t\t\t\t<\/div>\n\t\t\t\t<\/div>\n\t\t\t\t<\/a>\n\t\t<a class=\"elementor-element elementor-element-141d575 e-con-full e-flex e-con e-child\" data-id=\"141d575\" data-element_type=\"container\">\n\t\t\t\t<div class=\"elementor-element elementor-element-32fd445 elementor-widget__width-inherit elementor-widget elementor-widget-image\" data-id=\"32fd445\" data-element_type=\"widget\" data-widget_type=\"image.default\">\n\t\t\t\t<div class=\"elementor-widget-container\">\n\t\t\t\t\t\t\t\t\t\t\t\t\t\t\t<img decoding=\"async\" src=\"https:\/\/www.nordicclimategroup.se\/dotterbolag-2\/wp-content\/uploads\/2025\/04\/NCG_HALLBARHET_4.jpg\" title=\"\" alt=\"En man som ler och tittar p\u00e5 sin padda\" loading=\"lazy\" \/>\t\t\t\t\t\t\t\t\t\t\t\t\t\t\t<\/div>\n\t\t\t\t<\/div>\n\t\t<div class=\"elementor-element elementor-element-bc21413 e-con-full e-flex e-con e-child\" data-id=\"bc21413\" data-element_type=\"container\">\n\t\t\t\t<div class=\"elementor-element elementor-element-0dece70 elementor-widget__width-inherit elementor-widget elementor-widget-heading\" data-id=\"0dece70\" data-element_type=\"widget\" data-widget_type=\"heading.default\">\n\t\t\t\t<div class=\"elementor-widget-container\">\n\t\t\t\t\t<h3 class=\"elementor-heading-title elementor-size-default\">SBTi<\/h3>\t\t\t\t<\/div>\n\t\t\t\t<\/div>\n\t\t\t\t<div class=\"elementor-element elementor-element-52f9b3c elementor-widget__width-inherit elementor-widget elementor-widget-text-editor\" data-id=\"52f9b3c\" data-element_type=\"widget\" data-widget_type=\"text-editor.default\">\n\t\t\t\t<div class=\"elementor-widget-container\">\n\t\t\t\t\t\t\t\t\tVi m\u00e4ter och f\u00f6ljer upp \u2013 SBTi verifierar\t\t\t\t\t\t\t\t<\/div>\n\t\t\t\t<\/div>\n\t\t\t\t<\/div>\n\t\t\t\t<\/a>\n\t\t\t\t<\/div>\n\t\t\t\t\t<\/div>\n\t\t\t\t<\/section>\n\t\t\t\t<\/div>\n\t\t","protected":false},"excerpt":{"rendered":"<p>Nordic Climate Groups Integritetspolicy Vi i Nordic Climate Group AB tar seri\u00f6st p\u00e5 den personliga integriteten f\u00f6r v\u00e5ra kunder och anv\u00e4ndare av v\u00e5ra tj\u00e4nster. Vi tar ansvar f\u00f6r att personuppgifter som behandlas av oss enbart anv\u00e4nds f\u00f6r avsedda \u00e4ndam\u00e5l och skyddas mot obeh\u00f6rig \u00e5tkomst. F\u00f6r att vi ska kunna leverera, utveckla, analysera och f\u00f6rb\u00e4ttra v\u00e5ra [&hellip;]<\/p>\n","protected":false},"author":1,"featured_media":0,"parent":0,"menu_order":0,"comment_status":"closed","ping_status":"closed","template":"elementor_header_footer","meta":{"_acf_changed":false,"footnotes":""},"class_list":["post-10546","page","type-page","status-publish","hentry"],"acf":[],"yoast_head":"<!-- This site is optimized with the Yoast SEO plugin v25.4 - https:\/\/yoast.com\/wordpress\/plugins\/seo\/ -->\n<title>Nordic Climate Groups Integritetspolicy | Dahlmans Kylteknik<\/title>\n<meta name=\"description\" content=\"Nordic Climate Groups Integritetspolicy | Dahlmans Kylteknik | En del av NCG\" \/>\n<meta name=\"robots\" content=\"index, follow, max-snippet:-1, max-image-preview:large, max-video-preview:-1\" \/>\n<link rel=\"canonical\" href=\"https:\/\/www.nordicclimategroup.se\/kylmastarnadev\/intergritetspolicy\/\" \/>\n<meta property=\"og:locale\" content=\"sv_SE\" \/>\n<meta property=\"og:type\" content=\"article\" \/>\n<meta property=\"og:title\" content=\"Nordic Climate Groups Integritetspolicy | Dahlmans Kylteknik\" \/>\n<meta property=\"og:description\" content=\"Nordic Climate Groups Integritetspolicy | Dahlmans Kylteknik | En del av NCG\" \/>\n<meta property=\"og:url\" content=\"https:\/\/www.nordicclimategroup.se\/kylmastarnadev\/intergritetspolicy\/\" \/>\n<meta property=\"og:site_name\" content=\"Dahlmans Kylteknik\" \/>\n<meta property=\"article:modified_time\" content=\"2025-05-02T11:38:29+00:00\" \/>\n<meta property=\"og:image\" content=\"https:\/\/www.nordicclimategroup.se\/kylmastarnadev\/wp-content\/uploads\/sites\/33\/2025\/03\/dahlmans.png\" \/>\n\t<meta property=\"og:image:width\" content=\"1000\" \/>\n\t<meta property=\"og:image:height\" content=\"500\" \/>\n\t<meta property=\"og:image:type\" content=\"image\/png\" \/>\n<meta name=\"twitter:card\" content=\"summary_large_image\" \/>\n<meta name=\"twitter:label1\" content=\"Ber\u00e4knad l\u00e4stid\" \/>\n\t<meta name=\"twitter:data1\" content=\"4 minuter\" \/>\n<script type=\"application\/ld+json\" class=\"yoast-schema-graph\">{\"@context\":\"https:\/\/schema.org\",\"@graph\":[{\"@type\":\"WebPage\",\"@id\":\"https:\/\/www.nordicclimategroup.se\/kylmastarnadev\/intergritetspolicy\/\",\"url\":\"https:\/\/www.nordicclimategroup.se\/kylmastarnadev\/intergritetspolicy\/\",\"name\":\"Nordic Climate Groups Integritetspolicy | Dahlmans Kylteknik\",\"isPartOf\":{\"@id\":\"https:\/\/www.nordicclimategroup.se\/kylmastarnadev\/#website\"},\"primaryImageOfPage\":{\"@id\":\"https:\/\/www.nordicclimategroup.se\/kylmastarnadev\/intergritetspolicy\/#primaryimage\"},\"image\":{\"@id\":\"https:\/\/www.nordicclimategroup.se\/kylmastarnadev\/intergritetspolicy\/#primaryimage\"},\"thumbnailUrl\":\"https:\/\/www.nordicclimategroup.se\/dotterbolag-2\/wp-content\/uploads\/sites\/33\/2025\/04\/NCG_HALLBARHET_7.jpg\",\"datePublished\":\"2025-04-17T12:47:43+00:00\",\"dateModified\":\"2025-05-02T11:38:29+00:00\",\"description\":\"Nordic Climate Groups Integritetspolicy | Dahlmans Kylteknik | En del av NCG\",\"inLanguage\":\"sv-SE\",\"potentialAction\":[{\"@type\":\"ReadAction\",\"target\":[\"https:\/\/www.nordicclimategroup.se\/kylmastarnadev\/intergritetspolicy\/\"]}]},{\"@type\":\"ImageObject\",\"inLanguage\":\"sv-SE\",\"@id\":\"https:\/\/www.nordicclimategroup.se\/kylmastarnadev\/intergritetspolicy\/#primaryimage\",\"url\":\"https:\/\/www.nordicclimategroup.se\/dotterbolag-2\/wp-content\/uploads\/sites\/33\/2025\/04\/NCG_HALLBARHET_7.jpg\",\"contentUrl\":\"https:\/\/www.nordicclimategroup.se\/dotterbolag-2\/wp-content\/uploads\/sites\/33\/2025\/04\/NCG_HALLBARHET_7.jpg\"},{\"@type\":\"WebSite\",\"@id\":\"https:\/\/www.nordicclimategroup.se\/kylmastarnadev\/#website\",\"url\":\"https:\/\/www.nordicclimategroup.se\/kylmastarnadev\/\",\"name\":\"Dahlmans Kylteknik\",\"description\":\"En del av NCG\",\"publisher\":{\"@id\":\"https:\/\/www.nordicclimategroup.se\/kylmastarnadev\/#organization\"},\"potentialAction\":[{\"@type\":\"SearchAction\",\"target\":{\"@type\":\"EntryPoint\",\"urlTemplate\":\"https:\/\/www.nordicclimategroup.se\/kylmastarnadev\/?s={search_term_string}\"},\"query-input\":{\"@type\":\"PropertyValueSpecification\",\"valueRequired\":true,\"valueName\":\"search_term_string\"}}],\"inLanguage\":\"sv-SE\"},{\"@type\":\"Organization\",\"@id\":\"https:\/\/www.nordicclimategroup.se\/kylmastarnadev\/#organization\",\"name\":\"Dahlmans Kylteknik\",\"url\":\"https:\/\/www.nordicclimategroup.se\/kylmastarnadev\/\",\"logo\":{\"@type\":\"ImageObject\",\"inLanguage\":\"sv-SE\",\"@id\":\"https:\/\/www.nordicclimategroup.se\/kylmastarnadev\/#\/schema\/logo\/image\/\",\"url\":\"https:\/\/www.nordicclimategroup.se\/kylmastarnadev\/wp-content\/uploads\/sites\/33\/2024\/02\/kylmaestarna_rgb.svg\",\"contentUrl\":\"https:\/\/www.nordicclimategroup.se\/kylmastarnadev\/wp-content\/uploads\/sites\/33\/2024\/02\/kylmaestarna_rgb.svg\",\"width\":1260,\"height\":226,\"caption\":\"Dahlmans Kylteknik\"},\"image\":{\"@id\":\"https:\/\/www.nordicclimategroup.se\/kylmastarnadev\/#\/schema\/logo\/image\/\"}}]}<\/script>\n<!-- \/ Yoast SEO plugin. -->","yoast_head_json":{"title":"Nordic Climate Groups Integritetspolicy | Dahlmans Kylteknik","description":"Nordic Climate Groups Integritetspolicy | Dahlmans Kylteknik | En del av NCG","robots":{"index":"index","follow":"follow","max-snippet":"max-snippet:-1","max-image-preview":"max-image-preview:large","max-video-preview":"max-video-preview:-1"},"canonical":"https:\/\/www.nordicclimategroup.se\/kylmastarnadev\/intergritetspolicy\/","og_locale":"sv_SE","og_type":"article","og_title":"Nordic Climate Groups Integritetspolicy | Dahlmans Kylteknik","og_description":"Nordic Climate Groups Integritetspolicy | Dahlmans Kylteknik | En del av NCG","og_url":"https:\/\/www.nordicclimategroup.se\/kylmastarnadev\/intergritetspolicy\/","og_site_name":"Dahlmans Kylteknik","article_modified_time":"2025-05-02T11:38:29+00:00","og_image":[{"width":1000,"height":500,"url":"https:\/\/www.nordicclimategroup.se\/kylmastarnadev\/wp-content\/uploads\/sites\/33\/2025\/03\/dahlmans.png","type":"image\/png"}],"twitter_card":"summary_large_image","twitter_misc":{"Ber\u00e4knad l\u00e4stid":"4 minuter"},"schema":{"@context":"https:\/\/schema.org","@graph":[{"@type":"WebPage","@id":"https:\/\/www.nordicclimategroup.se\/kylmastarnadev\/intergritetspolicy\/","url":"https:\/\/www.nordicclimategroup.se\/kylmastarnadev\/intergritetspolicy\/","name":"Nordic Climate Groups Integritetspolicy | Dahlmans Kylteknik","isPartOf":{"@id":"https:\/\/www.nordicclimategroup.se\/kylmastarnadev\/#website"},"primaryImageOfPage":{"@id":"https:\/\/www.nordicclimategroup.se\/kylmastarnadev\/intergritetspolicy\/#primaryimage"},"image":{"@id":"https:\/\/www.nordicclimategroup.se\/kylmastarnadev\/intergritetspolicy\/#primaryimage"},"thumbnailUrl":"https:\/\/www.nordicclimategroup.se\/dotterbolag-2\/wp-content\/uploads\/sites\/33\/2025\/04\/NCG_HALLBARHET_7.jpg","datePublished":"2025-04-17T12:47:43+00:00","dateModified":"2025-05-02T11:38:29+00:00","description":"Nordic Climate Groups Integritetspolicy | Dahlmans Kylteknik | En del av NCG","inLanguage":"sv-SE","potentialAction":[{"@type":"ReadAction","target":["https:\/\/www.nordicclimategroup.se\/kylmastarnadev\/intergritetspolicy\/"]}]},{"@type":"ImageObject","inLanguage":"sv-SE","@id":"https:\/\/www.nordicclimategroup.se\/kylmastarnadev\/intergritetspolicy\/#primaryimage","url":"https:\/\/www.nordicclimategroup.se\/dotterbolag-2\/wp-content\/uploads\/sites\/33\/2025\/04\/NCG_HALLBARHET_7.jpg","contentUrl":"https:\/\/www.nordicclimategroup.se\/dotterbolag-2\/wp-content\/uploads\/sites\/33\/2025\/04\/NCG_HALLBARHET_7.jpg"},{"@type":"WebSite","@id":"https:\/\/www.nordicclimategroup.se\/kylmastarnadev\/#website","url":"https:\/\/www.nordicclimategroup.se\/kylmastarnadev\/","name":"Dahlmans Kylteknik","description":"En del av NCG","publisher":{"@id":"https:\/\/www.nordicclimategroup.se\/kylmastarnadev\/#organization"},"potentialAction":[{"@type":"SearchAction","target":{"@type":"EntryPoint","urlTemplate":"https:\/\/www.nordicclimategroup.se\/kylmastarnadev\/?s={search_term_string}"},"query-input":{"@type":"PropertyValueSpecification","valueRequired":true,"valueName":"search_term_string"}}],"inLanguage":"sv-SE"},{"@type":"Organization","@id":"https:\/\/www.nordicclimategroup.se\/kylmastarnadev\/#organization","name":"Dahlmans Kylteknik","url":"https:\/\/www.nordicclimategroup.se\/kylmastarnadev\/","logo":{"@type":"ImageObject","inLanguage":"sv-SE","@id":"https:\/\/www.nordicclimategroup.se\/kylmastarnadev\/#\/schema\/logo\/image\/","url":"https:\/\/www.nordicclimategroup.se\/kylmastarnadev\/wp-content\/uploads\/sites\/33\/2024\/02\/kylmaestarna_rgb.svg","contentUrl":"https:\/\/www.nordicclimategroup.se\/kylmastarnadev\/wp-content\/uploads\/sites\/33\/2024\/02\/kylmaestarna_rgb.svg","width":1260,"height":226,"caption":"Dahlmans Kylteknik"},"image":{"@id":"https:\/\/www.nordicclimategroup.se\/kylmastarnadev\/#\/schema\/logo\/image\/"}}]}},"_links":{"self":[{"href":"https:\/\/www.nordicclimategroup.se\/kylmastarnadev\/wp-json\/wp\/v2\/pages\/10546","targetHints":{"allow":["GET"]}}],"collection":[{"href":"https:\/\/www.nordicclimategroup.se\/kylmastarnadev\/wp-json\/wp\/v2\/pages"}],"about":[{"href":"https:\/\/www.nordicclimategroup.se\/kylmastarnadev\/wp-json\/wp\/v2\/types\/page"}],"author":[{"embeddable":true,"href":"https:\/\/www.nordicclimategroup.se\/kylmastarnadev\/wp-json\/wp\/v2\/users\/1"}],"replies":[{"embeddable":true,"href":"https:\/\/www.nordicclimategroup.se\/kylmastarnadev\/wp-json\/wp\/v2\/comments?post=10546"}],"version-history":[{"count":11,"href":"https:\/\/www.nordicclimategroup.se\/kylmastarnadev\/wp-json\/wp\/v2\/pages\/10546\/revisions"}],"predecessor-version":[{"id":10557,"href":"https:\/\/www.nordicclimategroup.se\/kylmastarnadev\/wp-json\/wp\/v2\/pages\/10546\/revisions\/10557"}],"wp:attachment":[{"href":"https:\/\/www.nordicclimategroup.se\/kylmastarnadev\/wp-json\/wp\/v2\/media?parent=10546"}],"curies":[{"name":"wp","href":"https:\/\/api.w.org\/{rel}","templated":true}]}}