{"id":4126,"date":"2025-03-17T10:15:55","date_gmt":"2025-03-17T10:15:55","guid":{"rendered":"https:\/\/server03.blackpixel.se\/~designteamet\/?page_id=4126"},"modified":"2025-04-08T15:22:37","modified_gmt":"2025-04-08T15:22:37","slug":"hallbarhet","status":"publish","type":"page","link":"https:\/\/www.nordicclimategroup.se\/dotterbolag\/hallbarhet\/","title":{"rendered":"H\u00e5llbarhet"},"content":{"rendered":"\t\t<div data-elementor-type=\"wp-page\" data-elementor-id=\"4126\" class=\"elementor elementor-4126\" data-elementor-post-type=\"page\">\n\t\t\t\t<section class=\"elementor-element elementor-element-a8068e0 e-flex e-con-boxed e-con e-parent\" data-id=\"a8068e0\" data-element_type=\"container\">\n\t\t\t\t\t<div class=\"e-con-inner\">\n\t\t<div class=\"elementor-element elementor-element-d105eee e-con-full e-flex e-con e-child\" data-id=\"d105eee\" data-element_type=\"container\">\n\t\t<div class=\"elementor-element elementor-element-b729519 e-con-full e-flex e-con e-child\" data-id=\"b729519\" data-element_type=\"container\">\n\t\t\t\t<div class=\"elementor-element elementor-element-242cc28 elementor-widget__width-inherit elementor-widget elementor-widget-heading\" data-id=\"242cc28\" data-element_type=\"widget\" data-widget_type=\"heading.default\">\n\t\t\t\t<div class=\"elementor-widget-container\">\n\t\t\t\t\t<h1 class=\"elementor-heading-title elementor-size-default\">H\u00e5llbarhet<\/h1>\t\t\t\t<\/div>\n\t\t\t\t<\/div>\n\t\t\t\t<\/div>\n\t\t\t\t<div class=\"elementor-element elementor-element-003be52 elementor-widget__width-inherit elementor-widget elementor-widget-text-editor\" data-id=\"003be52\" data-element_type=\"widget\" data-widget_type=\"text-editor.default\">\n\t\t\t\t<div class=\"elementor-widget-container\">\n\t\t\t\t\t\t\t\t\tTillsammans med v\u00e5ra kunder driver vi utvecklingen mot en framtid d\u00e4r vi, s\u00e5 l\u00e5ngt det \u00e4r m\u00f6jligt, v\u00e4ljer alternativ med s\u00e5 l\u00e5g klimat- och milj\u00f6p\u00e5verkan som m\u00f6jligt. En h\u00e5llbar installation definieras som en installation med l\u00e4gre utsl\u00e4pp genom anv\u00e4ndning av naturliga k\u00f6ldmedier, l\u00e5ng livsl\u00e4ngd, h\u00f6g grad av energi\u00e5tervinning och l\u00e4gre energianv\u00e4ndning. Det \u00e4r det vi menar med \u201df\u00f6r ett b\u00e4ttre klimat\u201d.\t\t\t\t\t\t\t\t<\/div>\n\t\t\t\t<\/div>\n\t\t\t\t<\/div>\n\t\t\t\t\t<\/div>\n\t\t\t\t<\/section>\n\t\t<section class=\"elementor-element elementor-element-b4826ac e-flex e-con-boxed e-con e-parent\" data-id=\"b4826ac\" data-element_type=\"container\">\n\t\t\t\t\t<div class=\"e-con-inner\">\n\t\t\t\t<div class=\"elementor-element elementor-element-6de032e elementor-widget elementor-widget-n-carousel\" data-id=\"6de032e\" data-element_type=\"widget\" data-settings=\"{&quot;carousel_items&quot;:[{&quot;_id&quot;:&quot;ae5dbe5&quot;,&quot;slide_title&quot;:&quot;Slide #1&quot;},{&quot;slide_title&quot;:&quot;Slide #2&quot;,&quot;_id&quot;:&quot;72a542f&quot;},{&quot;slide_title&quot;:&quot;Slide #3&quot;,&quot;_id&quot;:&quot;9ea947c&quot;}],&quot;slides_to_show&quot;:&quot;2&quot;,&quot;slides_to_scroll&quot;:&quot;1&quot;,&quot;image_spacing_custom&quot;:{&quot;unit&quot;:&quot;px&quot;,&quot;size&quot;:16,&quot;sizes&quot;:[]},&quot;slides_to_show_tablet&quot;:&quot;1&quot;,&quot;slides_to_scroll_mobile&quot;:&quot;1&quot;,&quot;slides_to_show_mobile&quot;:&quot;1&quot;,&quot;speed&quot;:500,&quot;image_spacing_custom_tablet&quot;:{&quot;unit&quot;:&quot;px&quot;,&quot;size&quot;:&quot;&quot;,&quot;sizes&quot;:[]},&quot;image_spacing_custom_mobile&quot;:{&quot;unit&quot;:&quot;px&quot;,&quot;size&quot;:&quot;&quot;,&quot;sizes&quot;:[]}}\" data-widget_type=\"nested-carousel.default\">\n\t\t\t\t<div class=\"elementor-widget-container\">\n\t\t\t\t\t\t\t<div class=\"e-n-carousel swiper\" role=\"region\" aria-roledescription=\"carousel\" aria-label=\"Carousel\" dir=\"ltr\">\n\t\t\t<div class=\"swiper-wrapper\" aria-live=\"polite\">\n\t\t\t\t\t\t\t\t\t\t<div class=\"swiper-slide\" data-slide=\"1\" role=\"group\" aria-roledescription=\"slide\" aria-label=\"1 av 3\">\n\t\t\t\t\t\t\t<a class=\"elementor-element elementor-element-f47e185 e-con-full e-flex e-con e-child\" data-id=\"f47e185\" data-element_type=\"container\">\n\t\t<div class=\"elementor-element elementor-element-83a92a3 e-con-full e-flex e-con e-child\" data-id=\"83a92a3\" data-element_type=\"container\" data-settings=\"{&quot;background_background&quot;:&quot;classic&quot;}\">\n\t\t\t\t<\/div>\n\t\t\t\t<\/a>\n\t\t\t\t\t\t\t\t<\/div>\n\t\t\t\t\t\t\t\t\t\t\t<div class=\"swiper-slide\" data-slide=\"2\" role=\"group\" aria-roledescription=\"slide\" aria-label=\"2 av 3\">\n\t\t\t\t\t\t\t<a class=\"elementor-element elementor-element-f7d5250 e-con-full e-flex e-con e-child\" data-id=\"f7d5250\" data-element_type=\"container\">\n\t\t<div class=\"elementor-element elementor-element-2579bca e-con-full e-flex e-con e-child\" data-id=\"2579bca\" data-element_type=\"container\" data-settings=\"{&quot;background_background&quot;:&quot;video&quot;,&quot;background_video_link&quot;:&quot;https:\\\/\\\/www.nordicclimategroup.se\\\/dotterbolag\\\/wp-content\\\/uploads\\\/2025\\\/04\\\/NCG_HALLBARHET_VIDEO01.mp4&quot;,&quot;background_play_on_mobile&quot;:&quot;yes&quot;}\">\n\t\t<div class=\"elementor-background-video-container\">\n\t\t\t\t\t\t\t<video class=\"elementor-background-video-hosted\" autoplay muted playsinline loop><\/video>\n\t\t\t\t\t<\/div>\t\t<\/div>\n\t\t\t\t<\/a>\n\t\t\t\t\t\t\t\t<\/div>\n\t\t\t\t\t\t\t\t\t\t\t<div class=\"swiper-slide\" data-slide=\"3\" role=\"group\" aria-roledescription=\"slide\" aria-label=\"3 av 3\">\n\t\t\t\t\t\t\t<a class=\"elementor-element elementor-element-5b6a9d1 e-con-full e-flex e-con e-child\" data-id=\"5b6a9d1\" data-element_type=\"container\">\n\t\t<div class=\"elementor-element elementor-element-1f9002c e-con-full e-flex e-con e-child\" data-id=\"1f9002c\" data-element_type=\"container\" data-settings=\"{&quot;background_background&quot;:&quot;classic&quot;}\">\n\t\t\t\t<\/div>\n\t\t\t\t<\/a>\n\t\t\t\t\t\t\t\t<\/div>\n\t\t\t\t\t\t\t\t<\/div>\n\t\t<\/div>\n\t\t\t\t\t\t<\/div>\n\t\t\t\t<\/div>\n\t\t\t\t\t<\/div>\n\t\t\t\t<\/section>\n\t\t<div class=\"elementor-element elementor-element-2baa662 e-flex e-con-boxed e-con e-parent\" data-id=\"2baa662\" data-element_type=\"container\">\n\t\t\t\t\t<div class=\"e-con-inner\">\n\t\t\t\t<div class=\"elementor-element elementor-element-43413ee elementor-widget-divider--view-line elementor-widget elementor-widget-divider\" data-id=\"43413ee\" data-element_type=\"widget\" data-widget_type=\"divider.default\">\n\t\t\t\t<div class=\"elementor-widget-container\">\n\t\t\t\t\t\t\t<div class=\"elementor-divider\">\n\t\t\t<span class=\"elementor-divider-separator\">\n\t\t\t\t\t\t<\/span>\n\t\t<\/div>\n\t\t\t\t\t\t<\/div>\n\t\t\t\t<\/div>\n\t\t\t\t\t<\/div>\n\t\t\t\t<\/div>\n\t\t<section class=\"elementor-element elementor-element-0118ffd e-flex e-con-boxed e-con e-child\" data-id=\"0118ffd\" data-element_type=\"container\">\n\t\t\t\t\t<div class=\"e-con-inner\">\n\t\t\t\t<div class=\"elementor-element elementor-element-15512cf elementor-widget__width-inherit elementor-widget elementor-widget-heading\" data-id=\"15512cf\" data-element_type=\"widget\" data-widget_type=\"heading.default\">\n\t\t\t\t<div class=\"elementor-widget-container\">\n\t\t\t\t\t<h2 class=\"elementor-heading-title elementor-size-default\">Med klimatet i fokus<\/h2>\t\t\t\t<\/div>\n\t\t\t\t<\/div>\n\t\t<div class=\"elementor-element elementor-element-287f027 e-con-full e-flex e-con e-child\" data-id=\"287f027\" data-element_type=\"container\">\n\t\t\t\t<div class=\"elementor-element elementor-element-3f75f40 elementor-widget elementor-widget-text-editor\" data-id=\"3f75f40\" data-element_type=\"widget\" data-widget_type=\"text-editor.default\">\n\t\t\t\t<div class=\"elementor-widget-container\">\n\t\t\t\t\t\t\t\t\t<p><span style=\"font-weight: 400;\">Nordic Climate Group str\u00e4var konsekvent efter att erbjuda kunder h\u00e5llbara l\u00f6sningar med h\u00f6g energieffektivitet. Detta engagemang ligger i linje med den v\u00e4xande marknadsefterfr\u00e5gan p\u00e5 h\u00e5llbara alternativ, som drivs av olika faktorer, till exempel:<\/span><\/p><ul><li style=\"font-weight: 400;\" aria-level=\"1\"><span style=\"font-weight: 400;\">Politiska direktiv som F-gasf\u00f6rordningen, Energieffektiviseringsdirektivet(EED) samt direktivet om Byggnaders Energiprestanda(EPBD)<\/span><\/li><li style=\"font-weight: 400;\" aria-level=\"1\"><span style=\"font-weight: 400;\">Den \u00f6kande efterfr\u00e5gan fr\u00e5n fastighets\u00e4gare p\u00e5 energieffektivitet och v\u00e4rme\u00e5tervinning, p\u00e5driven av stigande energikostnader och lagkrav.<\/span><\/li><li style=\"font-weight: 400;\" aria-level=\"1\">V\u00e4xande efterfr\u00e5gan fr\u00e5n investerare, finansiella institutioner och konsumenter p\u00e5 att minska f\u00f6retagens koldioxidavtryck och anta h\u00e5llbara metoder.<\/li><\/ul><p><span style=\"font-weight: 400;\"><br \/><\/span>Inom Nordic Climate Group \u00e4r vi dedikerade till att h\u00e5lla alla anst\u00e4llda uppdaterade om moderna och klimatv\u00e4nliga teknologiska l\u00f6sningar f\u00f6r att s\u00e4kerst\u00e4lla att vi ger kunder korrekt r\u00e5dgivning. Vi erbjuder g\u00e4rna v\u00e5ra kunder alternativ med naturliga k\u00f6ldmedier, \u00e4ven om de initialt efterfr\u00e5gar en l\u00f6sning med syntetiska k\u00f6ldmedier. Som f\u00f6retagsgrupp ligger vi i teknisk framkant och \u00e4r experter avseende installationer med h\u00e5llbara teknikl\u00f6sningar.\u00a0<\/p>\t\t\t\t\t\t\t\t<\/div>\n\t\t\t\t<\/div>\n\t\t\t\t<\/div>\n\t\t\t\t\t<\/div>\n\t\t\t\t<\/section>\n\t\t<div class=\"elementor-element elementor-element-67743e8 e-flex e-con-boxed e-con e-parent\" data-id=\"67743e8\" data-element_type=\"container\">\n\t\t\t\t\t<div class=\"e-con-inner\">\n\t\t\t\t<div class=\"elementor-element elementor-element-dec9871 elementor-widget-divider--view-line elementor-widget elementor-widget-divider\" data-id=\"dec9871\" data-element_type=\"widget\" data-widget_type=\"divider.default\">\n\t\t\t\t<div class=\"elementor-widget-container\">\n\t\t\t\t\t\t\t<div class=\"elementor-divider\">\n\t\t\t<span class=\"elementor-divider-separator\">\n\t\t\t\t\t\t<\/span>\n\t\t<\/div>\n\t\t\t\t\t\t<\/div>\n\t\t\t\t<\/div>\n\t\t\t\t\t<\/div>\n\t\t\t\t<\/div>\n\t\t<section class=\"elementor-element elementor-element-d30abe0 e-flex e-con-boxed e-con e-parent\" data-id=\"d30abe0\" data-element_type=\"container\">\n\t\t\t\t\t<div class=\"e-con-inner\">\n\t\t\t\t<div class=\"elementor-element elementor-element-21879e5 elementor-widget elementor-widget-heading\" data-id=\"21879e5\" data-element_type=\"widget\" data-widget_type=\"heading.default\">\n\t\t\t\t<div class=\"elementor-widget-container\">\n\t\t\t\t\t<h2 class=\"elementor-heading-title elementor-size-default\">Relaterat<\/h2>\t\t\t\t<\/div>\n\t\t\t\t<\/div>\n\t\t<div class=\"elementor-element elementor-element-6549d52 e-con-full e-grid boxar e-con e-child\" data-id=\"6549d52\" data-element_type=\"container\">\n\t\t<a class=\"elementor-element elementor-element-51e0ef0 e-con-full e-flex e-con e-child\" data-id=\"51e0ef0\" data-element_type=\"container\">\n\t\t<div class=\"elementor-element elementor-element-8363467 e-con-full e-flex e-con e-child\" data-id=\"8363467\" data-element_type=\"container\" data-settings=\"{&quot;background_background&quot;:&quot;classic&quot;}\">\n\t\t\t\t<div class=\"elementor-element elementor-element-c4ed902 elementor-widget__width-inherit elementor-widget elementor-widget-heading\" data-id=\"c4ed902\" data-element_type=\"widget\" data-widget_type=\"heading.default\">\n\t\t\t\t<div class=\"elementor-widget-container\">\n\t\t\t\t\t<h3 class=\"elementor-heading-title elementor-size-default\">Uppf\u00f6randekoder och policyer<\/h3>\t\t\t\t<\/div>\n\t\t\t\t<\/div>\n\t\t\t\t<div class=\"elementor-element elementor-element-cf4b231 elementor-widget__width-inherit elementor-widget elementor-widget-text-editor\" data-id=\"cf4b231\" data-element_type=\"widget\" data-widget_type=\"text-editor.default\">\n\t\t\t\t<div class=\"elementor-widget-container\">\n\t\t\t\t\t\t\t\t\t<p>S\u00e5 tar vi ansvar<\/p>\t\t\t\t\t\t\t\t<\/div>\n\t\t\t\t<\/div>\n\t\t\t\t<\/div>\n\t\t\t\t<\/a>\n\t\t<a class=\"elementor-element elementor-element-ab69234 e-con-full e-flex e-con e-child\" data-id=\"ab69234\" data-element_type=\"container\">\n\t\t<div class=\"elementor-element elementor-element-89d2cfd e-con-full e-flex e-con e-child\" data-id=\"89d2cfd\" data-element_type=\"container\" data-settings=\"{&quot;background_background&quot;:&quot;classic&quot;}\">\n\t\t\t\t<div class=\"elementor-element elementor-element-8556754 elementor-widget__width-inherit elementor-widget elementor-widget-heading\" data-id=\"8556754\" data-element_type=\"widget\" data-widget_type=\"heading.default\">\n\t\t\t\t<div class=\"elementor-widget-container\">\n\t\t\t\t\t<h3 class=\"elementor-heading-title elementor-size-default\">H\u00e5llbarhetsredovisningar<\/h3>\t\t\t\t<\/div>\n\t\t\t\t<\/div>\n\t\t\t\t<div class=\"elementor-element elementor-element-48ccfa8 elementor-widget__width-inherit elementor-widget elementor-widget-text-editor\" data-id=\"48ccfa8\" data-element_type=\"widget\" data-widget_type=\"text-editor.default\">\n\t\t\t\t<div class=\"elementor-widget-container\">\n\t\t\t\t\t\t\t\t\t<p>F\u00f6r hela koncernen<\/p>\t\t\t\t\t\t\t\t<\/div>\n\t\t\t\t<\/div>\n\t\t\t\t<\/div>\n\t\t\t\t<\/a>\n\t\t<a class=\"elementor-element elementor-element-82573e9 e-con-full e-flex e-con e-child\" data-id=\"82573e9\" data-element_type=\"container\">\n\t\t<div class=\"elementor-element elementor-element-2b9409c e-con-full e-flex e-con e-child\" data-id=\"2b9409c\" data-element_type=\"container\" data-settings=\"{&quot;background_background&quot;:&quot;classic&quot;}\">\n\t\t\t\t<div class=\"elementor-element elementor-element-ab6d300 elementor-widget__width-inherit elementor-widget elementor-widget-heading\" data-id=\"ab6d300\" data-element_type=\"widget\" data-widget_type=\"heading.default\">\n\t\t\t\t<div class=\"elementor-widget-container\">\n\t\t\t\t\t<h3 class=\"elementor-heading-title elementor-size-default\">Visselbl\u00e5sare<\/h3>\t\t\t\t<\/div>\n\t\t\t\t<\/div>\n\t\t\t\t<div class=\"elementor-element elementor-element-e95e00d elementor-widget__width-inherit elementor-widget elementor-widget-text-editor\" data-id=\"e95e00d\" data-element_type=\"widget\" data-widget_type=\"text-editor.default\">\n\t\t\t\t<div class=\"elementor-widget-container\">\n\t\t\t\t\t\t\t\t\t<p>Visselbl\u00e5sare \u2013 n\u00e4r du vill s\u00e4ga till<\/p>\t\t\t\t\t\t\t\t<\/div>\n\t\t\t\t<\/div>\n\t\t\t\t<\/div>\n\t\t\t\t<\/a>\n\t\t\t\t<\/div>\n\t\t\t\t\t<\/div>\n\t\t\t\t<\/section>\n\t\t\t\t<\/div>\n\t\t","protected":false},"excerpt":{"rendered":"<p>H\u00e5llbarhet Tillsammans med v\u00e5ra kunder driver vi utvecklingen mot en framtid d\u00e4r vi, s\u00e5 l\u00e5ngt det \u00e4r m\u00f6jligt, v\u00e4ljer alternativ med s\u00e5 l\u00e5g klimat- och milj\u00f6p\u00e5verkan som m\u00f6jligt. En h\u00e5llbar installation definieras som en installation med l\u00e4gre utsl\u00e4pp genom anv\u00e4ndning av naturliga k\u00f6ldmedier, l\u00e5ng livsl\u00e4ngd, h\u00f6g grad av energi\u00e5tervinning och l\u00e4gre energianv\u00e4ndning. Det \u00e4r det [&hellip;]<\/p>\n","protected":false},"author":1,"featured_media":0,"parent":0,"menu_order":0,"comment_status":"closed","ping_status":"closed","template":"elementor_header_footer","meta":{"_acf_changed":false,"footnotes":""},"class_list":["post-4126","page","type-page","status-publish","hentry"],"acf":[],"yoast_head":"<!-- This site is optimized with the Yoast SEO plugin v25.4 - https:\/\/yoast.com\/wordpress\/plugins\/seo\/ -->\n<title>H\u00e5llbarhet - Dotterbolag<\/title>\n<meta name=\"robots\" content=\"noindex, follow, max-snippet:-1, max-image-preview:large, max-video-preview:-1\" \/>\n<meta property=\"og:locale\" content=\"sv_SE\" \/>\n<meta property=\"og:type\" content=\"article\" \/>\n<meta property=\"og:title\" content=\"H\u00e5llbarhet - Dotterbolag\" \/>\n<meta property=\"og:description\" content=\"H\u00e5llbarhet Tillsammans med v\u00e5ra kunder driver vi utvecklingen mot en framtid d\u00e4r vi, s\u00e5 l\u00e5ngt det \u00e4r m\u00f6jligt, v\u00e4ljer alternativ med s\u00e5 l\u00e5g klimat- och milj\u00f6p\u00e5verkan som m\u00f6jligt. En h\u00e5llbar installation definieras som en installation med l\u00e4gre utsl\u00e4pp genom anv\u00e4ndning av naturliga k\u00f6ldmedier, l\u00e5ng livsl\u00e4ngd, h\u00f6g grad av energi\u00e5tervinning och l\u00e4gre energianv\u00e4ndning. Det \u00e4r det [&hellip;]\" \/>\n<meta property=\"og:url\" content=\"https:\/\/www.nordicclimategroup.se\/dotterbolag\/hallbarhet\/\" \/>\n<meta property=\"og:site_name\" content=\"Dotterbolag\" \/>\n<meta property=\"article:modified_time\" content=\"2025-04-08T15:22:37+00:00\" \/>\n<meta name=\"twitter:card\" content=\"summary_large_image\" \/>\n<meta name=\"twitter:label1\" content=\"Ber\u00e4knad l\u00e4stid\" \/>\n\t<meta name=\"twitter:data1\" content=\"2 minuter\" \/>\n<script type=\"application\/ld+json\" class=\"yoast-schema-graph\">{\"@context\":\"https:\/\/schema.org\",\"@graph\":[{\"@type\":\"WebPage\",\"@id\":\"https:\/\/www.nordicclimategroup.se\/dotterbolag\/hallbarhet\/\",\"url\":\"https:\/\/www.nordicclimategroup.se\/dotterbolag\/hallbarhet\/\",\"name\":\"H\u00e5llbarhet - Dotterbolag\",\"isPartOf\":{\"@id\":\"https:\/\/www.nordicclimategroup.se\/dotterbolag\/#website\"},\"datePublished\":\"2025-03-17T10:15:55+00:00\",\"dateModified\":\"2025-04-08T15:22:37+00:00\",\"inLanguage\":\"sv-SE\",\"potentialAction\":[{\"@type\":\"ReadAction\",\"target\":[\"https:\/\/www.nordicclimategroup.se\/dotterbolag\/hallbarhet\/\"]}]},{\"@type\":\"WebSite\",\"@id\":\"https:\/\/www.nordicclimategroup.se\/dotterbolag\/#website\",\"url\":\"https:\/\/www.nordicclimategroup.se\/dotterbolag\/\",\"name\":\"Dotterbolag\",\"description\":\"\",\"publisher\":{\"@id\":\"https:\/\/www.nordicclimategroup.se\/dotterbolag\/#organization\"},\"potentialAction\":[{\"@type\":\"SearchAction\",\"target\":{\"@type\":\"EntryPoint\",\"urlTemplate\":\"https:\/\/www.nordicclimategroup.se\/dotterbolag\/?s={search_term_string}\"},\"query-input\":{\"@type\":\"PropertyValueSpecification\",\"valueRequired\":true,\"valueName\":\"search_term_string\"}}],\"inLanguage\":\"sv-SE\"},{\"@type\":\"Organization\",\"@id\":\"https:\/\/www.nordicclimategroup.se\/dotterbolag\/#organization\",\"name\":\"Dotterbolag\",\"url\":\"https:\/\/www.nordicclimategroup.se\/dotterbolag\/\",\"logo\":{\"@type\":\"ImageObject\",\"inLanguage\":\"sv-SE\",\"@id\":\"https:\/\/www.nordicclimategroup.se\/dotterbolag\/#\/schema\/logo\/image\/\",\"url\":\"https:\/\/www.nordicclimategroup.se\/dotterbolag\/wp-content\/uploads\/sites\/3\/2024\/02\/NCG-LOGO.svg\",\"contentUrl\":\"https:\/\/www.nordicclimategroup.se\/dotterbolag\/wp-content\/uploads\/sites\/3\/2024\/02\/NCG-LOGO.svg\",\"caption\":\"Dotterbolag\"},\"image\":{\"@id\":\"https:\/\/www.nordicclimategroup.se\/dotterbolag\/#\/schema\/logo\/image\/\"}}]}<\/script>\n<!-- \/ Yoast SEO plugin. -->","yoast_head_json":{"title":"H\u00e5llbarhet - Dotterbolag","robots":{"index":"noindex","follow":"follow","max-snippet":"max-snippet:-1","max-image-preview":"max-image-preview:large","max-video-preview":"max-video-preview:-1"},"og_locale":"sv_SE","og_type":"article","og_title":"H\u00e5llbarhet - Dotterbolag","og_description":"H\u00e5llbarhet Tillsammans med v\u00e5ra kunder driver vi utvecklingen mot en framtid d\u00e4r vi, s\u00e5 l\u00e5ngt det \u00e4r m\u00f6jligt, v\u00e4ljer alternativ med s\u00e5 l\u00e5g klimat- och milj\u00f6p\u00e5verkan som m\u00f6jligt. En h\u00e5llbar installation definieras som en installation med l\u00e4gre utsl\u00e4pp genom anv\u00e4ndning av naturliga k\u00f6ldmedier, l\u00e5ng livsl\u00e4ngd, h\u00f6g grad av energi\u00e5tervinning och l\u00e4gre energianv\u00e4ndning. Det \u00e4r det [&hellip;]","og_url":"https:\/\/www.nordicclimategroup.se\/dotterbolag\/hallbarhet\/","og_site_name":"Dotterbolag","article_modified_time":"2025-04-08T15:22:37+00:00","twitter_card":"summary_large_image","twitter_misc":{"Ber\u00e4knad l\u00e4stid":"2 minuter"},"schema":{"@context":"https:\/\/schema.org","@graph":[{"@type":"WebPage","@id":"https:\/\/www.nordicclimategroup.se\/dotterbolag\/hallbarhet\/","url":"https:\/\/www.nordicclimategroup.se\/dotterbolag\/hallbarhet\/","name":"H\u00e5llbarhet - Dotterbolag","isPartOf":{"@id":"https:\/\/www.nordicclimategroup.se\/dotterbolag\/#website"},"datePublished":"2025-03-17T10:15:55+00:00","dateModified":"2025-04-08T15:22:37+00:00","inLanguage":"sv-SE","potentialAction":[{"@type":"ReadAction","target":["https:\/\/www.nordicclimategroup.se\/dotterbolag\/hallbarhet\/"]}]},{"@type":"WebSite","@id":"https:\/\/www.nordicclimategroup.se\/dotterbolag\/#website","url":"https:\/\/www.nordicclimategroup.se\/dotterbolag\/","name":"Dotterbolag","description":"","publisher":{"@id":"https:\/\/www.nordicclimategroup.se\/dotterbolag\/#organization"},"potentialAction":[{"@type":"SearchAction","target":{"@type":"EntryPoint","urlTemplate":"https:\/\/www.nordicclimategroup.se\/dotterbolag\/?s={search_term_string}"},"query-input":{"@type":"PropertyValueSpecification","valueRequired":true,"valueName":"search_term_string"}}],"inLanguage":"sv-SE"},{"@type":"Organization","@id":"https:\/\/www.nordicclimategroup.se\/dotterbolag\/#organization","name":"Dotterbolag","url":"https:\/\/www.nordicclimategroup.se\/dotterbolag\/","logo":{"@type":"ImageObject","inLanguage":"sv-SE","@id":"https:\/\/www.nordicclimategroup.se\/dotterbolag\/#\/schema\/logo\/image\/","url":"https:\/\/www.nordicclimategroup.se\/dotterbolag\/wp-content\/uploads\/sites\/3\/2024\/02\/NCG-LOGO.svg","contentUrl":"https:\/\/www.nordicclimategroup.se\/dotterbolag\/wp-content\/uploads\/sites\/3\/2024\/02\/NCG-LOGO.svg","caption":"Dotterbolag"},"image":{"@id":"https:\/\/www.nordicclimategroup.se\/dotterbolag\/#\/schema\/logo\/image\/"}}]}},"_links":{"self":[{"href":"https:\/\/www.nordicclimategroup.se\/dotterbolag\/wp-json\/wp\/v2\/pages\/4126","targetHints":{"allow":["GET"]}}],"collection":[{"href":"https:\/\/www.nordicclimategroup.se\/dotterbolag\/wp-json\/wp\/v2\/pages"}],"about":[{"href":"https:\/\/www.nordicclimategroup.se\/dotterbolag\/wp-json\/wp\/v2\/types\/page"}],"author":[{"embeddable":true,"href":"https:\/\/www.nordicclimategroup.se\/dotterbolag\/wp-json\/wp\/v2\/users\/1"}],"replies":[{"embeddable":true,"href":"https:\/\/www.nordicclimategroup.se\/dotterbolag\/wp-json\/wp\/v2\/comments?post=4126"}],"version-history":[{"count":277,"href":"https:\/\/www.nordicclimategroup.se\/dotterbolag\/wp-json\/wp\/v2\/pages\/4126\/revisions"}],"predecessor-version":[{"id":8183,"href":"https:\/\/www.nordicclimategroup.se\/dotterbolag\/wp-json\/wp\/v2\/pages\/4126\/revisions\/8183"}],"wp:attachment":[{"href":"https:\/\/www.nordicclimategroup.se\/dotterbolag\/wp-json\/wp\/v2\/media?parent=4126"}],"curies":[{"name":"wp","href":"https:\/\/api.w.org\/{rel}","templated":true}]}}