{"version":"1.0","provider_name":"Dotterbolag","provider_url":"https:\/\/www.nordicclimategroup.se\/dotterbolag","author_name":"admin","author_url":"https:\/\/www.nordicclimategroup.se\/dotterbolag\/nyhetsrum\/nyheter\/author\/designteamet\/","title":"KVP-dagen 2023 - Dotterbolag","type":"rich","width":600,"height":338,"html":"<blockquote class=\"wp-embedded-content\" data-secret=\"YNB4RrG0PV\"><a href=\"https:\/\/www.nordicclimategroup.se\/dotterbolag\/nyhetsrum\/nyheter\/annat\/kvp-dagen-2023\/\">KVP-dagen 2023<\/a><\/blockquote><iframe sandbox=\"allow-scripts\" security=\"restricted\" src=\"https:\/\/www.nordicclimategroup.se\/dotterbolag\/nyhetsrum\/nyheter\/annat\/kvp-dagen-2023\/embed\/#?secret=YNB4RrG0PV\" width=\"600\" height=\"338\" title=\"\u201dKVP-dagen 2023\u201d &ndash; Dotterbolag\" data-secret=\"YNB4RrG0PV\" frameborder=\"0\" marginwidth=\"0\" marginheight=\"0\" scrolling=\"no\" class=\"wp-embedded-content\"><\/iframe><script>\n\/*! This file is auto-generated *\/\n!function(d,l){\"use strict\";l.querySelector&&d.addEventListener&&\"undefined\"!=typeof URL&&(d.wp=d.wp||{},d.wp.receiveEmbedMessage||(d.wp.receiveEmbedMessage=function(e){var t=e.data;if((t||t.secret||t.message||t.value)&&!\/[^a-zA-Z0-9]\/.test(t.secret)){for(var s,r,n,a=l.querySelectorAll('iframe[data-secret=\"'+t.secret+'\"]'),o=l.querySelectorAll('blockquote[data-secret=\"'+t.secret+'\"]'),c=new RegExp(\"^https?:$\",\"i\"),i=0;i<o.length;i++)o[i].style.display=\"none\";for(i=0;i<a.length;i++)s=a[i],e.source===s.contentWindow&&(s.removeAttribute(\"style\"),\"height\"===t.message?(1e3<(r=parseInt(t.value,10))?r=1e3:~~r<200&&(r=200),s.height=r):\"link\"===t.message&&(r=new URL(s.getAttribute(\"src\")),n=new URL(t.value),c.test(n.protocol))&&n.host===r.host&&l.activeElement===s&&(d.top.location.href=t.value))}},d.addEventListener(\"message\",d.wp.receiveEmbedMessage,!1),l.addEventListener(\"DOMContentLoaded\",function(){for(var e,t,s=l.querySelectorAll(\"iframe.wp-embedded-content\"),r=0;r<s.length;r++)(t=(e=s[r]).getAttribute(\"data-secret\"))||(t=Math.random().toString(36).substring(2,12),e.src+=\"#?secret=\"+t,e.setAttribute(\"data-secret\",t)),e.contentWindow.postMessage({message:\"ready\",secret:t},\"*\")},!1)))}(window,document);\n<\/script>\n","thumbnail_url":"https:\/\/www.nordicclimategroup.se\/dotterbolag\/wp-content\/uploads\/sites\/3\/2025\/03\/kvp-dagen-banner_facebook_1200x628.jpg_anchorcentermodecropwidth480upscalefalsernd133739814787530000.jpg","thumbnail_width":480,"thumbnail_height":251,"description":"Klockan 8.30-17.00 den 16 november st\u00e5r portarna \u00f6ppna till \u00e5rets KVP-dag! Vi som \u00e4r p\u00e5 plats fr\u00e5n Nordic Climate Group \u00e4r Anders Ekdahl, Mikael Dagberg, Malin Semb-Josefson, Mikael Anjou och Matilda L\u00f6fving. Att l\u00e4gga p\u00e5 minnet \u00e4r v\u00e5rt monternummer, B12. H\u00e4r kan ni, ut\u00f6ver givande samtal, f\u00e5 en v\u00e4rmande kopp kaffe, de b\u00e4sta godisarna, en klurig t\u00e4vling f\u00f6r den mest fingerf\u00e4rdige och mycket annat!"}

Klockan 8.30-17.00 den 16 november står portarna öppna till årets KVP-dag! Vi som är på plats från Nordic Climate Group är Anders Ekdahl, Mikael Dagberg, Malin Semb-Josefson, Mikael Anjou och Matilda Löfving. Att lägga på minnet är vårt monternummer, B12. Här kan ni, utöver givande samtal, få en värmande kopp kaffe, de bästa godisarna, en klurig tävling för den mest fingerfärdige och mycket annat!
